late the remainder when 79 is divided by 26.
1
What is the remainder when 8211 is divided by 111?
108
Calculate the remainder when 357 is divided by 142.
73
What is the remainder when 15 is divided by 3?
0
What is the remainder when 98 is divided by 50?
48
Calculate the remainder when 82 is divided by 42.
40
Calculate the remainder when 71 is divided by 18.
17
Calculate the remainder when 567 is divided by 187.
6
Calculate the remainder when 1227 is divided by 317.
276
Calculate the remainder when 281 is divided by 2.
1
What is the remainder when 191 is divided by 33?
26
What is the remainder when 178 is divided by 14?
10
Calculate the remainder when 290 is divided by 77.
59
Calculate the remainder when 646 is divided by 13.
9
What is the remainder when 4252 is divided by 236?
4
Calculate the remainder when 6061 is divided by 55.
11
Calculate the remainder when 144 is divided by 26.
14
What is the remainder when 139 is divided by 33?
7
Calculate the remainder when 7491 is divided by 123.
111
What is the remainder when 5520 is divided by 22?
20
Calculate the remainder when 315 is divided by 87.
54
What is the remainder when 86 is divided by 33?
20
What is the remainder when 1105 is divided by 9?
7
Calculate the remainder when 1423 is divided by 119.
114
What is the remainder when 4103 is divided by 72?
71
What is the remainder when 584 is divided by 100?
84
What is the remainder when 58 is divided by 12?
10
Calculate the remainder when 262 is divided by 64.
6
Calculate the remainder when 180 is divided by 121.
59
What is the remainder when 3228 is divided by 19?
17
What is the remainder when 23 is divided by 4?
3
What is the remainder when 194 is divided by 65?
64
What is the remainder when 42 is divided by 13?
3
Calculate the remainder when 42 is divided by 17.
8
What is the remainder when 86 is divided by 8?
6
What is the remainder when 1544 is divided by 5?
4
What is the remainder when 1836 is divided by 26?
16
Calculate the remainder when 489 is divided by 14.
13
Calculate the remainder when 88 is divided by 13.
10
What is the remainder when 435 is divided by 120?
75
What is the remainder when 153 is divided by 13?
10
What is the remainder when 131 is divided by 15?
11
What is the remainder when 1182 is divided by 32?
30
What is the remainder when 414 is divided by 52?
50
What is the remainder when 153 is divided by 8?
1
Calculate the remainder when 440 is divided by 78.
50
What is the remainder when 474 is divided by 404?
70
What is the remainder when 545 is divided by 181?
2
What is the remainder when 502 is divided by 15?
7
Calculate the remainder when 4340 is divided by 96.
20
What is the remainder when 50916 is divided by 33?
30
What is the remainder when 97 is divided by 28?
13
What is the remainder when 6836 is divided by 120?
116
What is the remainder when 82 is divided by 46?
36
What is the remainder when 57 is divided by 32?
25
Calculate the remainder when 416 is divided by 99.
20
Calculate the remainder when 51 is divided by 23.
5
Calculate the remainder when 1554 is divided by 228.
186
Calculate the remainder when 654 is divided by 69.
33
Calculate the remainder when 86 is divided by 43.
0
What is the remainder when 3733 is divided by 129?
121
Calculate the remainder when 164 is divided by 102.
62
Calculate the remainder when 4289 is divided by 215.
204
Calculate the remainder when 351 is divided by 152.
47
Calculate the remainder when 129 is divided by 22.
19
Calculate the remainder when 238 is divided by 180.
58
What is the remainder when 822 is divided by 167?
154
Calculate the remainder when 165 is divided by 107.
58
What is the remainder when 51 is divided by 31?
20
Calculate the remainder when 494 is divided by 33.
32
Calculate the remainder when 184 is divided by 21.
16
What is the remainder when 4701 is divided by 32?
29
Calculate the remainder when 231 is divided by 31.
14
Calculate the remainder when 136 is divided by 23.
21
Calculate the remainder when 299 is divided by 81.
56
Calculate the remainder when 503 is divided by 14.
13
Calculate the remainder when 224 is divided by 80.
64
What is the remainder when 88 is divided by 18?
16
Calculate the remainder when 591 is divided by 195.
6
Calculate the remainder when 68 is divided by 44.
24
What is the remainder when 358 is divided by 10?
8
What is the remainder when 1174 is divided by 31?
27
Calculate the remainder when 2397 is divided by 80.
77
Calculate the remainder when 118 is divided by 43.
32
What is the remainder when 760 is divided by 15?
10
Calculate the remainder when 1246 is divided by 33.
25
Calculate the remainder when 657 is divided by 5.
2
What is the remainder when 1293 is divided by 37?
35
What is the remainder when 239 is divided by 16?
15
What is the remainder when 718 is divided by 119?
4
What is the remainder when 194 is divided by 68?
58
What is the remainder when 159 is divided by 138?
21
What is the remainder when 377 is divided by 110?
47
What is the remainder when 132 is divided by 58?
16
Calculate the remainder when 1368 is divided by 62.
4
What is the remainder when 78 is divided by 20?
18
Calculate the remainder when 2110 is divided by 140.
10
Calculate the remainder when 354 is divided by 88.
2
Calculate the remainder when 82 is divided by 21.
19
Calculate the remainder when 1084 is divided by 155.
154
What is the remainder when 69 is divided by 39?
30
Calculate the remainder when 8 is divided by 2.
0
What is the remainder when 1001 is divided by 15?
11
What is the remainder when 105 is divided by 1?
0
Calculate the remainder when 166 is divided by 34.
30
What is the remainder when 10008 is divided by 154?
152
What is the remainder when 50 is divided by 27?
23
Calculate the remainder when 88 is divided by 6.
4
Calculate the remainder when 173 is divided by 44.
41
Calculate the remainder when 193 is divided by 39.
37
What is the remainder when 258 is divided by 20?
18
Calculate the remainder when 645 is divided by 24.
21
What is the remainder when 120 is divided by 96?
24
Calculate the remainder when 3043 is divided by 13.
1
What is the remainder when 502 is divided by 170?
162
What is the remainder when 87 is divided by 34?
19
Calculate the remainder when 14156 is divided by 121.
120
What is the remainder when 8900 is divided by 212?
208
What is the remainder when 150 is divided by 38?
36
What is the remainder when 154 is divided by 138?
16
What is the remainder when 501 is divided by 150?
51
Calculate the remainder when 127 is divided by 13.
10
Calculate the remainder when 112 is divided by 30.
22
Calculate the remainder when 81 is divided by 25.
6
What is the remainder when 411 is divided by 163?
85
Calculate the remainder when 290 is divided by 42.
38
Calculate the remainder when 478 is divided by 12.
10
What is the remainder when 8501 is divided by 11?
9
Calculate the remainder when 849 is divided by 172.
161
Calculate the remainder when 371 is divided by 155.
61
What is the remainder when 364 is divided by 46?
42
Calculate the remainder when 368 is divided by 77.
60
What is the remainder when 1024 is divided by 147?
142
What is the remainder when 492 is divided by 17?
16
Calculate the remainder when 192 is divided by 66.
60
What is the remainder when 165 is divided by 34?
29
What is the remainder when 308 is divided by 26?
22
Calculate the remainder when 206 is divided by 6.
2
Calculate the remainder when 5109 is divided by 71.
68
Calculate the remainder when 1007 is divided by 84.
83
What is the remainder when 392 is divided by 31?
20
What is the remainder when 416 is divided by 22?
20
What is the remainder when 1604 is divided by 462?
218
What is the remainder when 256 is divided by 123?
10
Calculate the remainder when 4193 is divided by 60.
53
What is the remainder when 151 is divided by 4?
3
What is the remainder when 950 is divided by 64?
54
Calculate the remainder when 243 is divided by 121.
1
Calculate the remainder when 335 is divided by 125.
85
What is the remainder when 62 is divided by 24?
14
What is the remainder when 143 is divided by 9?
8
What is the remainder when 33 is divided by 9?
6
What is the remainder when 54 is divided by 11?
10
What is the remainder when 8089 is divided by 29?
27
What is the remainder when 2